ose 6*y - 11*y = -140. Calculate the highest common factor of 70 and y.
14
Let y = 1 - -15. Suppose 2 = -4*a + 5*l, 0 = -0*l + 5*l - 10. Let t be a*24/(-10)*-5. What is the greatest common divisor of t and y?
8
Let a(j) be the second derivative of -j**4/12 + j**3/2 - 3*j**2/2 - 2*j. Let d be a(4). Let l be 0 - 7*(d + -1). What is the greatest common factor of l and 14?
14
Suppose 0 = -2*b + 5*b - 3. What is the greatest common factor of 4 and b?
1
Let t(f) = f + 15. Let q be t(-9). What is the greatest common divisor of q and 66?
6
Let g be (2 + -3 - -13)*1. Suppose 2*b = -4*b + 30. Suppose 3*t + 87 = 2*l, b*t - 6 = 9. What is the highest common divisor of l and g?
12
Let m = 74 - 0. Let j be 2/(-3) - m/6. Let w = j + 23. Calculate the greatest common divisor of w and 110.
10
Let j be ((-9)/(-6))/(-3)*-92. Suppose j = 2*o - 114. Calculate the greatest common divisor of 10 and o.
10
Let c be ((-14)/5)/((-2)/20). Let x = 3 - 4. Let r = 3 - x. What is the highest common divisor of c and r?
4
Suppose -1 = 2*l + 1, 2*y - 8 = -2*l. Calculate the greatest common divisor of y and 35.
5
Let d(p) = -3*p**3 + 2*p**2 + 2*p - 3. Let o be d(-3). Calculate the greatest common factor of o and 18.
18
Suppose 5 = 2*v - v - g, -5*v = 2*g - 11. Let a = 6 - v. Suppose x = 5*f + 5*x - 49, -2*x = -a*f + 47. What is the highest common divisor of f and 104?
13
Let l = 38 - 18. Let g(s) = -s**3 + 10*s**2 + 16*s - 15. Let u be g(11). What is the greatest common divisor of l and u?
20
Let y(n) = -n**2 + 10*n - 4. Let j be y(9). Let u be -1*j/((-5)/(-2)). Let f be (-27)/(-6)*-5*u. Calculate the highest common factor of 15 and f.
15
Suppose 5*l + 6*x - 2*x - 16 = 0, -9 = -2*l + x. Let g be 4 + -1 + l + 0. Calculate the greatest common divisor of g and 56.
7
Let l(n) = -7*n - 24. Let s be l(-6). What is the highest common factor of 6 and s?
6
Let b be (-1 + 16)*(0 - -11). Let g(d) = 9*d + 4. Let p be g(3). Let m = 46 - p. Calculate the highest common divisor of b and m.
15
Suppose -26 = -j + 51. Calculate the greatest common factor of j and 7.
7
Let q(z) = -4*z**3 - z**2 + 2*z. Let m be q(-2). Calculate the highest common factor of 3 and m.
3
Let j(t) = 11*t - 10. Let z be j(3). Calculate the highest common divisor of z and 23.
23
Let t be ((-4)/(-3))/((-26)/(-351)). What is the greatest common divisor of 2 and t?
2
Let k be (-100)/(-15)*(-30)/(-8). Let o(a) = -24*a + 4. Let p be o(-4). Calculate the highest common factor of p and k.
25
Suppose 109 = 3*u + 1. What is the greatest common factor of 12 and u?
12
Suppose -4*m - m = -2*c - 60, -80 = -5*m - 2*c. Calculate the greatest common divisor of 14 and m.
14
Let a = 13 + -8. Suppose 5*k + 3*i - 27 = 4*i, 0 = -k + a*i + 15. Calculate the greatest common factor of 25 and k.
5
Let k be 20*(-4 + 27/6). Let u = 26 - k. Calculate the greatest common divisor of u and 8.
8
Suppose 22 + 8 = 3*p. Let t be 2105/p + (-1)/2. Calculate the highest common divisor of t and 30.
30
Let d be 0/((-12)/(-4)) - -3. Suppose 26 = 5*n - d*u, 2*n + u + u - 20 = 0. What is the highest common factor of n and 7?
7
Let t be 44 + -1 + (0 - -2). Suppose -5*x + 5*b + 25 = 0, x - 5*x - 2*b + 20 = 0. Calculate the highest common divisor of t and x.
5
Let q be 9 + (1 + 0 - 4 - -2). Calculate the highest common factor of q and 12.
4
Let r be (168/(-6))/((-4)/18). Calculate the greatest common factor of 18 and r.
18
Let d = -407 - -631. Let w be d/24*3/2. Calculate the highest common factor of 35 and w.
7
Suppose -2*v + 9 = -1. Suppose -v*x - w + 4*w = -91, x + 3*w = 29. What is the greatest common divisor of 8 and x?
4
Let h be 3/1 + 1 + -1. Let o = 55 - 40. What is the highest common divisor of h and o?
3
Let y = 12 - 18. Let x(l) = -l - 3. Let g be x(y). Calculate the highest common divisor of 3 and g.
3
Suppose -4*p = p - 5. Let w be p/3*(1 + 38). What is the greatest common divisor of w and 13?
13
Let g = -28 - -71. Let u be (1/(-1))/(2/38). Let q = g + u. Calculate the highest common divisor of 36 and q.
12
Let i(r) = r**3 + 17*r**2 - r + 25. Let m be i(-17). What is the highest common factor of 14 and m?
14
Let r(j) = -j**2 + 2*j + 3. Let d(f) = -2*f - 2. Let v(x) = -5*d(x) - 4*r(x). Let k be v(3). What is the greatest common divisor of k and 8?
8
Suppose -10*j - j = -154. Let v be (4/1)/(-2)*47. Let o = v + 150. What is the highest common factor of j and o?
14
Let j(y) = -y**2 + 8*y + 29. Let k be j(9). Calculate the greatest common factor of k and 80.
20
Suppose r = -4*r - 20, 2*f - 5*r = 58. Suppose -2*j - 3*u - f = -3*j, 21 = -j - 5*u. What is the highest common divisor of 44 and j?
4
Let n = 64 + 8. Let k(v) = -3*v**2 + v. Let d be k(1). Let i be (12 - 2) + d*1. What is the highest common factor of n and i?
8
Let o = -3 - 0. Let m be 26 - (-3 - o - -2). Suppose 5*r = 2*z - 0*z + 292, 0 = -4*r - 5*z + 260. Calculate the highest common factor of r and m.
12
Let c be (3/9)/(-1 + 196/192). What is the highest common factor of 48 and c?
16
Let w(h) = 3*h**2 + 11*h - 8. Let z be w(-5). Let s be (-7)/(-1) + (1 - 2). What is the highest common divisor of s and z?
6
Let u be (1 - (1 + 2)) + 13. Let y be (-1752)/(-20) + 6/15. What is the greatest common factor of u and y?
11
Suppose -2*x + 7 = -x. Suppose -m = 3*z - 0*z - 17, -5*z - 23 = -2*m. Calculate the highest common factor of m and x.
7
Let u be (-8)/(-5) - 2/(-5). Suppose u*l - 119 = -2*l + h, l + 4*h = 34. What is the greatest common factor of 6 and l?
6
Let p(d) = -5*d - 2*d**2 - 6 + 6*d**2 - 3*d**2. Let k be p(7). Calculate the greatest common factor of 8 and k.
8
Suppose -4*j + j + 57 = 0. What is the greatest common divisor of 95 and j?
19
Let z = 167 - 140. Calculate the greatest common divisor of 3 and z.
3
Let r(w) = 4*w**3 - 3*w**2 + 4*w - 3. Let q be r(3). Calculate the greatest common divisor of q and 36.
18
Let k(j) = j + 9. Let z be k(6). Calculate the greatest common factor of z and 30.
15
Let z(g) = 5*g - 106. Let s be z(24). What is the highest common factor of 14 and s?
14
Let m = 148 + -146. What is the greatest common divisor of 6 and m?
2
Let m be (-6)/2 - 330/(-22). What is the greatest common factor of m and 30?
6
Let j be -3 - (-3 + 2) - -9. What is the greatest common divisor of j and 63?
7
Let v(c) = c**2 + 6*c + 11. Let o be v(-6). Suppose 3*f = -g + 46, -2*g - 57 = -4*f + o. Calculate the highest common factor of f and 80.
16
Let l be 0*(2/(-4) + 0). Suppose l*p = p. Suppose 0 = -p*y + 3*y - 15. What is the greatest common divisor of y and 40?
5
Suppose 4*t - 9*t + 330 = 0. Calculate the greatest common factor of 6 and t.
6
Let u(d) = -27*d + 5. Let m be u(-7). Suppose 5*x - 6 = m. What is the greatest common divisor of 60 and x?
20
Let c = -4 + 8. Calculate the greatest common factor of 16 and c.
4
Let g = 93 + -66. Calculate the greatest common divisor of g and 45.
9
Let d = 96 - 51. Suppose -2*x = 5*r - 140, -2*r + 80 = -4*x - 0*x. What is the greatest common factor of d and r?
15
Let j = 33 - 9. Calculate the greatest common divisor of 3 and j.
3
Suppose -11 = -s + 25. Calculate the highest common factor of 18 and s.
18
Suppose 4*t + 3*m = 13, -3*t + 10 + 5 = -3*m. Suppose -57 = -t*o - 1. Suppose -4*r + 190 = o. Calculate the highest common factor of r and 4.
4
Let r(h) = -3*h**2 + 4 - 11*h + 0*h**2 - 2*h**2 + h**3 + 0*h**3. Let u be (-1 - 4 - 2)/(-1). Let x be r(u). What is the greatest common divisor of 10 and x?
5
Let h be (88/(-12) + 6)*3*-26. What is the highest common factor of h and 13?
13
Let x(z) = -z**3 - 4*z**2 + 5*z + 8. Let c be x(-8). Calculate the highest common divisor of c and 14.
14
Suppose 5*s - 12 = 2*s. Suppose 0 = -4*k - 3*y - 37, 4*y + 6 = 3*k - s*k. Let t be 55/(-2)*16/k. Calculate the greatest common factor of 11 and t.
11
Let b(m) = 3*m - 3. Let r be b(9). What is the greatest common factor of 168 and r?
24
Let z be (2 - 6) + 2392/13. Calculate the greatest common divisor of 10 and z.
10
Suppose 350 = -5*l + 970. Suppose r + 2*y - l = 0, 2*r + 5*y = -0*r + 246. Calculate the greatest common divisor of 16 and r.
16
Let d(g) = -3*g**3 - g**2 + g + 1. Let b be d(-1). Let q(r) = -r**3 + r + 8. Let v be q(0). What is the greatest common factor of v and b?
2
Suppose 2*v + 28 = -6. Let t = v + 23. What is the highest common factor of t and 66?
6
S